{"id":22,"date":"2025-02-20T17:05:42","date_gmt":"2025-02-20T17:05:42","guid":{"rendered":"https:\/\/gapab.pt\/?page_id=22"},"modified":"2025-02-24T17:09:25","modified_gmt":"2025-02-24T17:09:25","slug":"atividades","status":"publish","type":"page","link":"https:\/\/gapab.pt\/?page_id=22","title":{"rendered":"As Atividades"},"content":{"rendered":"\n<p>Desenvolvemos atividades perante estes fins espec\u00edficos:<\/p>\n\n\n\n<p><br>Fomentar a coopera\u00e7\u00e3o e solidariedade entre todas as pessoas que habitem ou frequentem a Praia da Areia Branca, quer sejam ou n\u00e3o s\u00f3cios do G.A.P.A.B.;<\/p>\n\n\n\n<p>Participar ativamente por todos os meios ao seu alcance para o progresso, desenvolvimento tur\u00edstico e urban\u00edstico da Praia da Areia Branca e bem-estar da comunidade;<\/p>\n\n\n\n<p>Promover a valoriza\u00e7\u00e3o das condi\u00e7\u00f5es ambientais, do patrim\u00f3nio natural e da qualidade de vida na Praia da Areia Branca;<\/p>\n\n\n\n<p>Colaborar com a C\u00e2mara Municipal da Lourinh\u00e3, Turismo local ou quaisquer outras entidades, desde que essa colabora\u00e7\u00e3o n\u00e3o colida com o esp\u00edrito e objetivos do G.A.P.A.B., definidos nos seus Estatutos;<\/p>\n\n\n\n<p>Manter, pelo menos durante a \u00e9poca balnear, no edif\u00edcio da sua sede, instala\u00e7\u00f5es pr\u00f3prias para reuni\u00f5es, festas e jogos l\u00edcitos, al\u00e9m de tudo o mais que possa concorrer para a cultura, recreio, conforto e utilidade dos seus s\u00f3cios;<\/p>\n\n\n\n<p>Promover, durante a sua atividade anual, manifesta\u00e7\u00f5es culturais, festas e competi\u00e7\u00f5es desportivas, dentro e fora da sua sede, concorrendo assim para o conv\u00edvio entre os frequentadores da Praia e contribuindo, portanto, para a efetiva\u00e7\u00e3o de suportes promocionais da Praia da Areia Branca;<\/p>\n\n\n\n<p>Praticar, de um modo geral, atos que tenham por finalidade o engrandecimento do G.A.P.A.B., seu prest\u00edgio e perfeito enquadramento na sociedade portuguesa.<\/p>\n\n\n\n<p>A nossa sede est\u00e1 instalada em pr\u00e9dio pr\u00f3prio, no edif\u00edcio chamado \u201cVigia\u201d, para esse fim constru\u00eddo pelos seus s\u00f3cios fundadores na Praia da Areia Branca, concelho e freguesia de Lourinh\u00e3, Distrito de Lisboa.<\/p>\n","protected":false},"excerpt":{"rendered":"<p>Desenvolvemos atividades perante estes fins espec\u00edficos: Fomentar a coopera\u00e7\u00e3o e solidariedade entre todas as pessoas que habitem ou frequentem a Praia da Areia Branca, quer sejam ou n\u00e3o s\u00f3cios do G.A.P.A.B.; Participar ativamente por todos os meios ao seu alcance para o progresso, desenvolvimento tur\u00edstico e urban\u00edstico da Praia da Areia Branca e bem-estar da &hellip; <\/p>\n<p class=\"link-more\"><a href=\"https:\/\/gapab.pt\/?page_id=22\" class=\"more-link\">Continuar a ler <span class=\"screen-reader-text\">&#8220;As Atividades&#8221;<\/span><\/a><\/p>\n","protected":false},"author":1,"featured_media":67,"parent":0,"menu_order":0,"comment_status":"closed","ping_status":"closed","template":"","meta":{"footnotes":""},"class_list":["post-22","page","type-page","status-publish","has-post-thumbnail","hentry"],"yoast_head":"<!-- This site is optimized with the Yoast SEO plugin v24.5 - https:\/\/yoast.com\/wordpress\/plugins\/seo\/ -->\n<title>As Atividades - Gapab - Vigia<\/title>\n<meta name=\"robots\" content=\"index, follow, max-snippet:-1, max-image-preview:large, max-video-preview:-1\" \/>\n<link rel=\"canonical\" href=\"https:\/\/gapab.pt\/?page_id=22\" \/>\n<meta property=\"og:locale\" content=\"pt_PT\" \/>\n<meta property=\"og:type\" content=\"article\" \/>\n<meta property=\"og:title\" content=\"As Atividades - Gapab - Vigia\" \/>\n<meta property=\"og:description\" content=\"Desenvolvemos atividades perante estes fins espec\u00edficos: Fomentar a coopera\u00e7\u00e3o e solidariedade entre todas as pessoas que habitem ou frequentem a Praia da Areia Branca, quer sejam ou n\u00e3o s\u00f3cios do G.A.P.A.B.; Participar ativamente por todos os meios ao seu alcance para o progresso, desenvolvimento tur\u00edstico e urban\u00edstico da Praia da Areia Branca e bem-estar da &hellip; Continuar a ler &quot;As Atividades&quot;\" \/>\n<meta property=\"og:url\" content=\"https:\/\/gapab.pt\/?page_id=22\" \/>\n<meta property=\"og:site_name\" content=\"Gapab - Vigia\" \/>\n<meta property=\"article:modified_time\" content=\"2025-02-24T17:09:25+00:00\" \/>\n<meta property=\"og:image\" content=\"https:\/\/gapab.pt\/wp-content\/uploads\/2025\/02\/vigia1.png\" \/>\n\t<meta property=\"og:image:width\" content=\"2000\" \/>\n\t<meta property=\"og:image:height\" content=\"1200\" \/>\n\t<meta property=\"og:image:type\" content=\"image\/png\" \/>\n<meta name=\"twitter:card\" content=\"summary_large_image\" \/>\n<meta name=\"twitter:label1\" content=\"Tempo estimado de leitura\" \/>\n\t<meta name=\"twitter:data1\" content=\"2 minutos\" \/>\n<script type=\"application\/ld+json\" class=\"yoast-schema-graph\">{\"@context\":\"https:\/\/schema.org\",\"@graph\":[{\"@type\":\"WebPage\",\"@id\":\"https:\/\/gapab.pt\/?page_id=22\",\"url\":\"https:\/\/gapab.pt\/?page_id=22\",\"name\":\"As Atividades - Gapab - Vigia\",\"isPartOf\":{\"@id\":\"https:\/\/gapab.pt\/#website\"},\"primaryImageOfPage\":{\"@id\":\"https:\/\/gapab.pt\/?page_id=22#primaryimage\"},\"image\":{\"@id\":\"https:\/\/gapab.pt\/?page_id=22#primaryimage\"},\"thumbnailUrl\":\"https:\/\/gapab.pt\/wp-content\/uploads\/2025\/02\/vigia1.png\",\"datePublished\":\"2025-02-20T17:05:42+00:00\",\"dateModified\":\"2025-02-24T17:09:25+00:00\",\"breadcrumb\":{\"@id\":\"https:\/\/gapab.pt\/?page_id=22#breadcrumb\"},\"inLanguage\":\"pt-PT\",\"potentialAction\":[{\"@type\":\"ReadAction\",\"target\":[\"https:\/\/gapab.pt\/?page_id=22\"]}]},{\"@type\":\"ImageObject\",\"inLanguage\":\"pt-PT\",\"@id\":\"https:\/\/gapab.pt\/?page_id=22#primaryimage\",\"url\":\"https:\/\/gapab.pt\/wp-content\/uploads\/2025\/02\/vigia1.png\",\"contentUrl\":\"https:\/\/gapab.pt\/wp-content\/uploads\/2025\/02\/vigia1.png\",\"width\":2000,\"height\":1200},{\"@type\":\"BreadcrumbList\",\"@id\":\"https:\/\/gapab.pt\/?page_id=22#breadcrumb\",\"itemListElement\":[{\"@type\":\"ListItem\",\"position\":1,\"name\":\"In\u00edcio\",\"item\":\"https:\/\/gapab.pt\/\"},{\"@type\":\"ListItem\",\"position\":2,\"name\":\"As Atividades\"}]},{\"@type\":\"WebSite\",\"@id\":\"https:\/\/gapab.pt\/#website\",\"url\":\"https:\/\/gapab.pt\/\",\"name\":\"Gapab - Vigia\",\"description\":\"\",\"publisher\":{\"@id\":\"https:\/\/gapab.pt\/#organization\"},\"potentialAction\":[{\"@type\":\"SearchAction\",\"target\":{\"@type\":\"EntryPoint\",\"urlTemplate\":\"https:\/\/gapab.pt\/?s={search_term_string}\"},\"query-input\":{\"@type\":\"PropertyValueSpecification\",\"valueRequired\":true,\"valueName\":\"search_term_string\"}}],\"inLanguage\":\"pt-PT\"},{\"@type\":\"Organization\",\"@id\":\"https:\/\/gapab.pt\/#organization\",\"name\":\"Gapab - Vigia\",\"url\":\"https:\/\/gapab.pt\/\",\"logo\":{\"@type\":\"ImageObject\",\"inLanguage\":\"pt-PT\",\"@id\":\"https:\/\/gapab.pt\/#\/schema\/logo\/image\/\",\"url\":\"https:\/\/gapab.pt\/wp-content\/uploads\/2025\/02\/cropped-vigialogo.png\",\"contentUrl\":\"https:\/\/gapab.pt\/wp-content\/uploads\/2025\/02\/cropped-vigialogo.png\",\"width\":375,\"height\":250,\"caption\":\"Gapab - Vigia\"},\"image\":{\"@id\":\"https:\/\/gapab.pt\/#\/schema\/logo\/image\/\"}}]}<\/script>\n<!-- \/ Yoast SEO plugin. -->","yoast_head_json":{"title":"As Atividades - Gapab - Vigia","robots":{"index":"index","follow":"follow","max-snippet":"max-snippet:-1","max-image-preview":"max-image-preview:large","max-video-preview":"max-video-preview:-1"},"canonical":"https:\/\/gapab.pt\/?page_id=22","og_locale":"pt_PT","og_type":"article","og_title":"As Atividades - Gapab - Vigia","og_description":"Desenvolvemos atividades perante estes fins espec\u00edficos: Fomentar a coopera\u00e7\u00e3o e solidariedade entre todas as pessoas que habitem ou frequentem a Praia da Areia Branca, quer sejam ou n\u00e3o s\u00f3cios do G.A.P.A.B.; Participar ativamente por todos os meios ao seu alcance para o progresso, desenvolvimento tur\u00edstico e urban\u00edstico da Praia da Areia Branca e bem-estar da &hellip; Continuar a ler \"As Atividades\"","og_url":"https:\/\/gapab.pt\/?page_id=22","og_site_name":"Gapab - Vigia","article_modified_time":"2025-02-24T17:09:25+00:00","og_image":[{"width":2000,"height":1200,"url":"https:\/\/gapab.pt\/wp-content\/uploads\/2025\/02\/vigia1.png","type":"image\/png"}],"twitter_card":"summary_large_image","twitter_misc":{"Tempo estimado de leitura":"2 minutos"},"schema":{"@context":"https:\/\/schema.org","@graph":[{"@type":"WebPage","@id":"https:\/\/gapab.pt\/?page_id=22","url":"https:\/\/gapab.pt\/?page_id=22","name":"As Atividades - Gapab - Vigia","isPartOf":{"@id":"https:\/\/gapab.pt\/#website"},"primaryImageOfPage":{"@id":"https:\/\/gapab.pt\/?page_id=22#primaryimage"},"image":{"@id":"https:\/\/gapab.pt\/?page_id=22#primaryimage"},"thumbnailUrl":"https:\/\/gapab.pt\/wp-content\/uploads\/2025\/02\/vigia1.png","datePublished":"2025-02-20T17:05:42+00:00","dateModified":"2025-02-24T17:09:25+00:00","breadcrumb":{"@id":"https:\/\/gapab.pt\/?page_id=22#breadcrumb"},"inLanguage":"pt-PT","potentialAction":[{"@type":"ReadAction","target":["https:\/\/gapab.pt\/?page_id=22"]}]},{"@type":"ImageObject","inLanguage":"pt-PT","@id":"https:\/\/gapab.pt\/?page_id=22#primaryimage","url":"https:\/\/gapab.pt\/wp-content\/uploads\/2025\/02\/vigia1.png","contentUrl":"https:\/\/gapab.pt\/wp-content\/uploads\/2025\/02\/vigia1.png","width":2000,"height":1200},{"@type":"BreadcrumbList","@id":"https:\/\/gapab.pt\/?page_id=22#breadcrumb","itemListElement":[{"@type":"ListItem","position":1,"name":"In\u00edcio","item":"https:\/\/gapab.pt\/"},{"@type":"ListItem","position":2,"name":"As Atividades"}]},{"@type":"WebSite","@id":"https:\/\/gapab.pt\/#website","url":"https:\/\/gapab.pt\/","name":"Gapab - Vigia","description":"","publisher":{"@id":"https:\/\/gapab.pt\/#organization"},"potentialAction":[{"@type":"SearchAction","target":{"@type":"EntryPoint","urlTemplate":"https:\/\/gapab.pt\/?s={search_term_string}"},"query-input":{"@type":"PropertyValueSpecification","valueRequired":true,"valueName":"search_term_string"}}],"inLanguage":"pt-PT"},{"@type":"Organization","@id":"https:\/\/gapab.pt\/#organization","name":"Gapab - Vigia","url":"https:\/\/gapab.pt\/","logo":{"@type":"ImageObject","inLanguage":"pt-PT","@id":"https:\/\/gapab.pt\/#\/schema\/logo\/image\/","url":"https:\/\/gapab.pt\/wp-content\/uploads\/2025\/02\/cropped-vigialogo.png","contentUrl":"https:\/\/gapab.pt\/wp-content\/uploads\/2025\/02\/cropped-vigialogo.png","width":375,"height":250,"caption":"Gapab - Vigia"},"image":{"@id":"https:\/\/gapab.pt\/#\/schema\/logo\/image\/"}}]}},"_links":{"self":[{"href":"https:\/\/gapab.pt\/index.php?rest_route=\/wp\/v2\/pages\/22","targetHints":{"allow":["GET"]}}],"collection":[{"href":"https:\/\/gapab.pt\/index.php?rest_route=\/wp\/v2\/pages"}],"about":[{"href":"https:\/\/gapab.pt\/index.php?rest_route=\/wp\/v2\/types\/page"}],"author":[{"embeddable":true,"href":"https:\/\/gapab.pt\/index.php?rest_route=\/wp\/v2\/users\/1"}],"replies":[{"embeddable":true,"href":"https:\/\/gapab.pt\/index.php?rest_route=%2Fwp%2Fv2%2Fcomments&post=22"}],"version-history":[{"count":3,"href":"https:\/\/gapab.pt\/index.php?rest_route=\/wp\/v2\/pages\/22\/revisions"}],"predecessor-version":[{"id":44,"href":"https:\/\/gapab.pt\/index.php?rest_route=\/wp\/v2\/pages\/22\/revisions\/44"}],"wp:featuredmedia":[{"embeddable":true,"href":"https:\/\/gapab.pt\/index.php?rest_route=\/wp\/v2\/media\/67"}],"wp:attachment":[{"href":"https:\/\/gapab.pt\/index.php?rest_route=%2Fwp%2Fv2%2Fmedia&parent=22"}],"curies":[{"name":"wp","href":"https:\/\/api.w.org\/{rel}","templated":true}]}}